test common divisor of 397031 and 1616.
101
What is the greatest common divisor of 3672 and 26302077?
459
What is the highest common divisor of 392 and 712899768?
56
Calculate the highest common factor of 2951520 and 56925.
165
Calculate the highest common factor of 76 and 128142194.
38
What is the greatest common divisor of 90 and 31141160?
10
Calculate the greatest common divisor of 4966211 and 5855.
1171
What is the greatest common divisor of 2176 and 4443136?
128
What is the greatest common divisor of 107643 and 77274?
159
What is the highest common factor of 496 and 53343088?
16
What is the greatest common divisor of 333768 and 1776?
24
What is the greatest common divisor of 706892 and 37762?
158
What is the highest common divisor of 18558 and 221661?
9
What is the greatest common divisor of 542516 and 17836?
52
What is the highest common factor of 65 and 228858383?
13
Calculate the highest common divisor of 912 and 5771712.
48
What is the greatest common factor of 2193 and 158752732?
731
Calculate the greatest common divisor of 185574474 and 18.
18
Calculate the greatest common factor of 19290 and 576240.
30
Calculate the greatest common divisor of 5307 and 32574.
183
What is the highest common divisor of 2001725 and 1276?
319
What is the highest common divisor of 182911024 and 32?
16
Calculate the greatest common divisor of 7930846 and 1758218.
7546
Calculate the greatest common divisor of 25077972 and 24.
12
Calculate the highest common factor of 68 and 138228343.
17
Calculate the highest common factor of 76029304 and 208.
104
What is the greatest common divisor of 1618386 and 134922?
678
Calculate the highest common factor of 55586580 and 555.
555
Calculate the highest common factor of 1007317 and 4.
1
What is the highest common factor of 1422 and 3966?
6
What is the greatest common divisor of 1285924641 and 23?
23
Calculate the greatest common factor of 20 and 62147170.
10
Calculate the greatest common factor of 2034027 and 738.
9
What is the highest common factor of 1236903 and 255117?
921
What is the greatest common factor of 121172 and 28?
4
What is the greatest common factor of 14135 and 4241785?
1285
Calculate the highest common divisor of 5172 and 408333279.
1293
Calculate the greatest common factor of 33696 and 52096824.
2808
Calculate the greatest common divisor of 2 and 96263.
1
Calculate the greatest common divisor of 2410 and 13489975.
1205
What is the greatest common divisor of 1983 and 655910961?
1983
What is the greatest common factor of 21042 and 3150?
126
What is the greatest common divisor of 80 and 7992496?
16
What is the greatest common factor of 1001 and 1568809?
11
What is the highest common factor of 6327361 and 456?
19
What is the greatest common factor of 112 and 9882376?
56
Calculate the highest common divisor of 68 and 919120028.
68
Calculate the highest common factor of 4257 and 490759.
43
What is the greatest common divisor of 14943 and 1193682?
879
Calculate the highest common divisor of 262203696 and 536.
536
What is the highest common factor of 6484940 and 275?
55
What is the highest common factor of 78 and 6887154?
6
What is the highest common divisor of 20446351 and 40475?
1619
What is the greatest common factor of 232 and 455351446?
58
Calculate the highest common divisor of 235371 and 1675.
67
What is the greatest common divisor of 17363533 and 131921?
4549
Calculate the greatest common divisor of 5223 and 132415237.
1741
What is the highest common divisor of 6995415 and 399?
21
Calculate the greatest common factor of 11879 and 22547.
7
What is the greatest common factor of 272 and 46913712?
16
Calculate the highest common divisor of 112879854 and 573.
573
Calculate the highest common factor of 3601 and 47866.
13
Calculate the highest common factor of 445 and 85667039.
89
What is the greatest common factor of 239904 and 269136?
1008
Calculate the highest common divisor of 198925664 and 84.
28
What is the greatest common divisor of 2774128 and 403?
31
Calculate the greatest common divisor of 800 and 10953400.
200
Calculate the greatest common divisor of 1516 and 12430442.
758
Calculate the highest common divisor of 1300 and 212732.
52
What is the highest common factor of 8 and 368365052?
4
Calculate the greatest common divisor of 24231488 and 128.
64
Calculate the highest common factor of 34578 and 1237124.
3842
Calculate the greatest common divisor of 654 and 21095642.
218
Calculate the greatest common divisor of 46103200 and 10230.
3410
What is the highest common factor of 6247228 and 7696?
1924
Calculate the highest common factor of 611 and 20594131.
47
Calculate the greatest common factor of 1016711 and 22417.
29
Calculate the greatest common factor of 5317029 and 162.
27
What is the greatest common divisor of 788617 and 10831502?
4357
Calculate the greatest common factor of 748 and 73230883.
187
What is the highest common divisor of 2948 and 592636?
44
What is the greatest common divisor of 18 and 13817436?
6
What is the greatest common divisor of 1640 and 131846980?
820
Calculate the greatest common divisor of 7947 and 117580280.
883
What is the highest common divisor of 960 and 25374240?
480
What is the greatest common divisor of 787096037 and 676?
169
What is the greatest common divisor of 322476435 and 45?
45
Calculate the greatest common divisor of 561585 and 20880.
435
Calculate the greatest common divisor of 10642 and 127475197.
5321
What is the highest common divisor of 17198033 and 1?
1
Calculate the highest common divisor of 6090976 and 9956.
524
What is the highest common divisor of 1350 and 277450?
50
What is the highest common factor of 19159140 and 83694?
2262
What is the highest common factor of 182 and 237926?
26
What is the highest common factor of 6425415 and 90?
45
Calculate the greatest common factor of 932301 and 38340.
639
Calculate the greatest common factor of 422207 and 3071.
37
Calculate the highest common factor of 7986373 and 808.
101
Calculate the highest common divisor of 1833005 and 13250.
265
What is the greatest common divisor of 2672 and 3915536?
16
Calculate the highest common divisor of 96 and 146271300.
12
Calculate the highest common divisor of 1565130 and 5250.
210
What is the highest common divisor of 6612 and 47241?
87
What is the highest common divisor of 72860 and 29080?
20
What is the greatest common divisor of 165190 and 670?
10
Calculate the greatest common factor of 5008065 and 30.
15
Calculate the highest common factor of 399 and 144023154.
57
What is the highest common factor of 4250 and 1722610?
170
What is the highest common factor of 3685885 and 106?
53
Calculate the highest common divisor of 826040 and 36284.
772
What is the greatest common factor of 593216 and 793?
13
Calculate the greatest common factor of 84425672 and 850.
34
What is the greatest common factor of 1528 and 10496?
8
Calculate the greatest common factor of 1159 and 4237731.
61
Calculate the highest common divisor of 5332 and 3937.
31
What is the greatest common factor of 4421737 and 124868?
1007
Calculate the greatest common divisor of 4179 and 91535025.
597
Calculate the highest common factor of 26712 and 131940.
36
Calculate the greatest common factor of 9000431 and 1329.
443
Calculate the greatest common divisor of 369775015 and 40.
5
Calculate the highest common divisor of 5460 and 10890880.
1820
What is the highest common factor of 3520 and 33784000?
320
What is the highest common factor of 1240867966 and 52?
26
What is the greatest common factor of 175 and 70914525?
25
What is the highest common divisor of 59235 and 39138?
33
What is the highest common divisor of 52020140 and 201?
67
What is the highest common factor of 140796 and 440952?
12
What is the highest common factor of 147612767 and 5401?
491
Calculate the highest common divisor of 26817 and 8738511.
3831
Calculate the highest common divisor of 1782 and 30291732.
162
Calculate the highest common factor of 11329507 and 21.
7
What is the highest common divisor of 141 and 842277?
3
Calculate the greatest common divisor of 371560 and 4520.
40
What is the greatest common divisor of 22610 and 38930?
170
What is the highest common factor of 627298 and 148078?
98
What is the highest common divisor of 252 and 146717